74
What is the remainder when 740575 is divided by 56967?
4
Calculate the remainder when 6408673 is divided by 2136215.
28
Calculate the remainder when 1549 is divided by 1171.
378
What is the remainder when 52297270 is divided by 6537156?
22
Calculate the remainder when 13400904 is divided by 59.
57
Calculate the remainder when 1305544 is divided by 62158.
226
What is the remainder when 174699011 is divided by 24957000?
11
What is the remainder when 31799364 is divided by 3653?
3652
What is the remainder when 139370936 is divided by 873?
851
Calculate the remainder when 906203 is divided by 205.
103
Calculate the remainder when 8968696 is divided by 1793738.
6
What is the remainder when 7167936 is divided by 6699?
6
Calculate the remainder when 431375 is divided by 2065.
1855
Calculate the remainder when 21552697 is divided by 650.
647
What is the remainder when 5663338 is divided by 16?
10
Calculate the remainder when 37215283 is divided by 18.
13
What is the remainder when 7896625 is divided by 464?
273
What is the remainder when 3802919 is divided by 18733?
120
What is the remainder when 241888 is divided by 241853?
35
Calculate the remainder when 1455498 is divided by 430.
378
Calculate the remainder when 680894 is divided by 240.
14
Calculate the remainder when 2677378 is divided by 2248.
10
Calculate the remainder when 33660 is divided by 3602.
1242
Calculate the remainder when 10858696 is divided by 3619564.
4
Calculate the remainder when 25997 is divided by 21230.
4767
Calculate the remainder when 3865051 is divided by 978.
973
What is the remainder when 14175569 is divided by 830?
829
Calculate the remainder when 480857 is divided by 480839.
18
What is the remainder when 1105875 is divided by 2847?
1239
What is the remainder when 2888003 is divided by 4350?
3953
Calculate the remainder when 292232 is divided by 212.
96
What is the remainder when 205674 is divided by 25552?
1258
What is the remainder when 671014 is divided by 221427?
6733
Calculate the remainder when 158103 is divided by 35.
8
Calculate the remainder when 2331298 is divided by 1165543.
212
What is the remainder when 360668 is divided by 120194?
86
What is the remainder when 6170907 is divided by 6170897?
10
Calculate the remainder when 20302214 is divided by 2748.
2738
What is the remainder when 1934726 is divided by 15?
11
What is the remainder when 59212 is divided by 28671?
1870
What is the remainder when 39179 is divided by 12822?
713
Calculate the remainder when 827429622 is divided by 6728.
6726
Calculate the remainder when 232728 is divided by 1926.
1608
What is the remainder when 9068974 is divided by 14?
12
What is the remainder when 509906 is divided by 30?
26
Calculate the remainder when 90822371 is divided by 73.
5
What is the remainder when 89526 is divided by 20920?
5846
What is the remainder when 2572732 is divided by 44356?
84
Calculate the remainder when 641431 is divided by 2011.
1933
Calculate the remainder when 7003814 is divided by 53.
23
What is the remainder when 2570778 is divided by 82?
78
Calculate the remainder when 527808 is divided by 1138.
914
Calculate the remainder when 17903969 is divided by 50.
19
Calculate the remainder when 38601 is divided by 2906.
823
Calculate the remainder when 809272042 is divided by 14.
12
Calculate the remainder when 49613 is divided by 2531.
1524
What is the remainder when 37492723 is divided by 26?
21
What is the remainder when 24775 is divided by 70?
65
Calculate the remainder when 140572 is divided by 34952.
764
Calculate the remainder when 1540559 is divided by 168.
167
What is the remainder when 2452711 is divided by 144276?
19
Calculate the remainder when 180100 is divided by 2094.
16
What is the remainder when 2766730 is divided by 184?
106
What is the remainder when 22273341 is divided by 353544?
69
Calculate the remainder when 317476 is divided by 5879.
10
What is the remainder when 26297882 is divided by 92?
50
What is the remainder when 17182 is divided by 5727?
1
Calculate the remainder when 367009 is divided by 60.
49
What is the remainder when 51556 is divided by 12871?
72
Calculate the remainder when 1929095 is divided by 234.
233
What is the remainder when 617158 is divided by 55?
3
What is the remainder when 139191258 is divided by 259?
255
Calculate the remainder when 944340 is divided by 49693.
173
What is the remainder when 4394892 is divided by 963?
723
What is the remainder when 107661 is divided by 2392?
21
Calculate the remainder when 335377 is divided by 348.
253
Calculate the remainder when 829103 is divided by 153.
149
What is the remainder when 5576 is divided by 802?
764
What is the remainder when 49501551 is divided by 1433?
1432
What is the remainder when 4311254 is divided by 538883?
190
Calculate the remainder when 32678948 is divided by 716.
708
What is the remainder when 69197 is divided by 983?
387
Calculate the remainder when 785391 is divided by 71216.
2015
What is the remainder when 192325481 is divided by 11?
7
What is the remainder when 1866045 is divided by 195?
90
What is the remainder when 722911 is divided by 297?
13
What is the remainder when 109108 is divided by 418?
10
Calculate the remainder when 18742 is divided by 2180.
1302
What is the remainder when 240792391 is divided by 58?
55
Calculate the remainder when 98515072 is divided by 11494.
11492
Calculate the remainder when 206200 is divided by 233.
228
What is the remainder when 347358 is divided by 5189?
4884
What is the remainder when 7833312 is divided by 169?
162
Calculate the remainder when 154393 is divided by 2439.
736
Calculate the remainder when 2657114 is divided by 149.
146
Calculate the remainder when 12622 is divided by 12607.
15
What is the remainder when 1226788 is divided by 1226768?
20
Calculate the remainder when 588337 is divided by 23.
20
What is the remainder when 171174 is divided by 19008?
102
What is the remainder when 340221 is divided by 67738?
1531
Calculate the remainder when 1684924 is divided by 842080.
764
Calculate the remainder when 1807142 is divided by 225884.
70
Calculate the remainder when 384568 is divided by 4226.
2
What is the remainder when 3132415 is divided by 448?
447
What is the remainder when 82571694 is divided by 1101?
1098
What is the remainder when 1274768 is divided by 63727?
228
Calculate the remainder when 9464080 is divided by 6545.
10
What is the remainder when 449760 is divided by 171?
30
Calculate the remainder when 10417380 is divided by 8.
4
What is the remainder when 152374 is divided by 2673?
13
Calculate the remainder when 39022 is divided by 12701.
919
Calculate the remainder when 896418 is divided by 2504.
2490
Calculate the remainder when 162276 is divided by 558.
456
Calculate the remainder when 9241 is divided by 2063.
989
Calculate the remainder when 13645838 is divided by 9.
2
Calculate the remainder when 10602565 is divided by 5301278.
9
What is the remainder when 218181 is divided by 36021?
2055
Calculate the remainder when 49131 is divided by 247.
225
Calculate the remainder when 66899877 is divided by 72.
69
Calculate the remainder when 1236191 is divided by 481.
21
What is the remainder when 55264 is divided by 187?
99
What is the remainder when 14755 is divided by 12?
7
What is the remainder when 4425792 is divided by 33?
30
What is the remainder when 34017 is divided by 2000?
17
Calculate the remainder when 735399 is divided by 5037.
5034
What is the remainder when 460519 is divided by 290?
289
What is the remainder when 220789885 is divided by 121916?
9
Calculate the remainder when 25013 is divided by 24921.
92
What is the remainder when 16647 is divided by 5204?
1035
What is the remainder when 98847 is divided by 24606?
423
What is the remainder when 215702 is divided by 107203?
1296
Calculate the remainder when 128573 is divided by 398.
19
What is the remainder when 11851377 is divided by 451?
450
Calculate the remainder when 18128 is divided by 37.
35
What is the remainder when 6590930 is divided by 3295464?
2
Calculate the remainder when 1472388 is divided by 12939.
10281
Calculate the remainder when 80882 is divided by 770.
32
Calculate the remainder when 215095 is divided by 26874.
103
What is the remainder when 722290 i